{"id":572,"date":"2021-09-09T07:11:06","date_gmt":"2021-09-09T07:11:06","guid":{"rendered":"https:\/\/kiymazdent.com.tr\/?page_id=572"},"modified":"2023-12-21T22:03:34","modified_gmt":"2023-12-21T19:03:34","slug":"hekimlerimiz","status":"publish","type":"page","link":"https:\/\/kiymazdent.com.tr\/?page_id=572","title":{"rendered":"Hekimlerimiz"},"content":{"rendered":"\t\t<div data-elementor-type=\"wp-page\" data-elementor-id=\"572\" class=\"elementor elementor-572\">\n\t\t\t\t\t\t\t\t\t<section class=\"elementor-section elementor-top-section elementor-element elementor-element-e0f5827 elementor-section-full_width elementor-section-height-default elementor-section-height-default\" data-id=\"e0f5827\" data-element_type=\"section\" data-settings=\"{&quot;background_background&quot;:&quot;classic&quot;}\">\n\t\t\t\t\t\t<div class=\"elementor-container elementor-column-gap-default\">\n\t\t\t\t\t<div class=\"elementor-column elementor-col-100 elementor-top-column elementor-element elementor-element-6802a65\" data-id=\"6802a65\" data-element_type=\"column\">\n\t\t\t<div class=\"elementor-widget-wrap elementor-element-populated\">\n\t\t\t\t\t\t\t\t<section class=\"elementor-section elementor-inner-section elementor-element elementor-element-ef2382c elementor-section-boxed elementor-section-height-default elementor-section-height-default\" data-id=\"ef2382c\" data-element_type=\"section\">\n\t\t\t\t\t\t<div class=\"elementor-container elementor-column-gap-default\">\n\t\t\t\t\t<div class=\"elementor-column elementor-col-100 elementor-inner-column elementor-element elementor-element-2a3e515\" data-id=\"2a3e515\" data-element_type=\"column\">\n\t\t\t<div class=\"elementor-widget-wrap elementor-element-populated\">\n\t\t\t\t\t\t\t\t<div class=\"elementor-element elementor-element-ea1e15d elementor-widget elementor-widget-spacer\" data-id=\"ea1e15d\" data-element_type=\"widget\" data-widget_type=\"spacer.default\">\n\t\t\t\t<div class=\"elementor-widget-container\">\n\t\t\t<style>\/*! elementor - v3.18.0 - 20-12-2023 *\/\n.elementor-column .elementor-spacer-inner{height:var(--spacer-size)}.e-con{--container-widget-width:100%}.e-con-inner>.elementor-widget-spacer,.e-con>.elementor-widget-spacer{width:var(--container-widget-width,var(--spacer-size));--align-self:var(--container-widget-align-self,initial);--flex-shrink:0}.e-con-inner>.elementor-widget-spacer>.elementor-widget-container,.e-con>.elementor-widget-spacer>.elementor-widget-container{height:100%;width:100%}.e-con-inner>.elementor-widget-spacer>.elementor-widget-container>.elementor-spacer,.e-con>.elementor-widget-spacer>.elementor-widget-container>.elementor-spacer{height:100%}.e-con-inner>.elementor-widget-spacer>.elementor-widget-container>.elementor-spacer>.elementor-spacer-inner,.e-con>.elementor-widget-spacer>.elementor-widget-container>.elementor-spacer>.elementor-spacer-inner{height:var(--container-widget-height,var(--spacer-size))}.e-con-inner>.elementor-widget-spacer.elementor-widget-empty,.e-con>.elementor-widget-spacer.elementor-widget-empty{position:relative;min-height:22px;min-width:22px}.e-con-inner>.elementor-widget-spacer.elementor-widget-empty .elementor-widget-empty-icon,.e-con>.elementor-widget-spacer.elementor-widget-empty .elementor-widget-empty-icon{position:absolute;top:0;bottom:0;left:0;right:0;margin:auto;padding:0;width:22px;height:22px}<\/style>\t\t<div class=\"elementor-spacer\">\n\t\t\t<div class=\"elementor-spacer-inner\"><\/div>\n\t\t<\/div>\n\t\t\t\t<\/div>\n\t\t\t\t<\/div>\n\t\t\t\t<div class=\"elementor-element elementor-element-16c3eba elementor-widget elementor-widget-heading\" data-id=\"16c3eba\" data-element_type=\"widget\" data-widget_type=\"heading.default\">\n\t\t\t\t<div class=\"elementor-widget-container\">\n\t\t\t<style>\/*! elementor - v3.18.0 - 20-12-2023 *\/\n.elementor-heading-title{padding:0;margin:0;line-height:1}.elementor-widget-heading .elementor-heading-title[class*=elementor-size-]>a{color:inherit;font-size:inherit;line-height:inherit}.elementor-widget-heading .elementor-heading-title.elementor-size-small{font-size:15px}.elementor-widget-heading .elementor-heading-title.elementor-size-medium{font-size:19px}.elementor-widget-heading .elementor-heading-title.elementor-size-large{font-size:29px}.elementor-widget-heading .elementor-heading-title.elementor-size-xl{font-size:39px}.elementor-widget-heading .elementor-heading-title.elementor-size-xxl{font-size:59px}<\/style><h6 class=\"elementor-heading-title elementor-size-default\">UZMAN EK\u0130B\u0130M\u0130Z<\/h6>\t\t<\/div>\n\t\t\t\t<\/div>\n\t\t\t\t<div class=\"elementor-element elementor-element-4055764 elementor-widget elementor-widget-text-editor\" data-id=\"4055764\" data-element_type=\"widget\" data-widget_type=\"text-editor.default\">\n\t\t\t\t<div class=\"elementor-widget-container\">\n\t\t\t<style>\/*! elementor - v3.18.0 - 20-12-2023 *\/\n.elementor-widget-text-editor.elementor-drop-cap-view-stacked .elementor-drop-cap{background-color:#69727d;color:#fff}.elementor-widget-text-editor.elementor-drop-cap-view-framed .elementor-drop-cap{color:#69727d;border:3px solid;background-color:transparent}.elementor-widget-text-editor:not(.elementor-drop-cap-view-default) .elementor-drop-cap{margin-top:8px}.elementor-widget-text-editor:not(.elementor-drop-cap-view-default) .elementor-drop-cap-letter{width:1em;height:1em}.elementor-widget-text-editor .elementor-drop-cap{float:left;text-align:center;line-height:1;font-size:50px}.elementor-widget-text-editor .elementor-drop-cap-letter{display:inline-block}<\/style>\t\t\t\t<div class=\"flex flex-grow flex-col max-w-full\"><div class=\"min-h-[20px] text-message flex flex-col items-start gap-3 whitespace-pre-wrap break-words [.text-message+&amp;]:mt-5 overflow-x-auto\" data-message-author-role=\"assistant\" data-message-id=\"3007b61f-446f-449d-bcf1-cd5d4a17887c\"><div class=\"markdown prose w-full break-words dark:prose-invert light\"><p>Di\u015f hekimleri, a\u011f\u0131z sa\u011fl\u0131\u011f\u0131na uzmanla\u015fm\u0131\u015f doktorlard\u0131r. En profesyonel ve son derece yetenekli di\u015f hekimlerine sahibiz.<\/p><\/div><\/div><\/div>\t\t\t\t\t\t<\/div>\n\t\t\t\t<\/div>\n\t\t\t\t\t<\/div>\n\t\t<\/div>\n\t\t\t\t\t\t\t<\/div>\n\t\t<\/section>\n\t\t\t\t<section class=\"elementor-section elementor-inner-section elementor-element elementor-element-a892bf3 elementor-section-boxed elementor-section-height-default elementor-section-height-default\" data-id=\"a892bf3\" data-element_type=\"section\">\n\t\t\t\t\t\t<div class=\"elementor-container elementor-column-gap-default\">\n\t\t\t\t\t<div class=\"elementor-column elementor-col-25 elementor-inner-column elementor-element elementor-element-83bb78a\" data-id=\"83bb78a\" data-element_type=\"column\">\n\t\t\t<div class=\"elementor-widget-wrap\">\n\t\t\t\t\t\t\t\t\t<\/div>\n\t\t<\/div>\n\t\t\t\t<div class=\"elementor-column elementor-col-25 elementor-inner-column elementor-element elementor-element-7379547\" data-id=\"7379547\" data-element_type=\"column\">\n\t\t\t<div class=\"elementor-widget-wrap elementor-element-populated\">\n\t\t\t\t\t\t\t\t<div class=\"elementor-element elementor-element-bcd4957 elementor-widget elementor-widget-meafe-team\" data-id=\"bcd4957\" data-element_type=\"widget\" data-widget_type=\"meafe-team.default\">\n\t\t\t\t<div class=\"elementor-widget-container\">\n\t\t\t        <div class=\"meafe-team-wrapper-main layout-2\">\n            <div class=\"meafe-team-inner-wrap\">\n                <div class=\"meafe-team-wrap\">\n\n                    \n                                            <div class=\"meafe-team-fig\">\n                            <figure class=\"meafe-member-figure\">\n                                <img fetchpriority=\"high\" decoding=\"async\" width=\"255\" height=\"270\" src=\"https:\/\/kiymazdent.com.tr\/wp-content\/uploads\/2021\/09\/team-2-1-3.png\" class=\"attachment-full size-full wp-image-598\" alt=\"\" \/>                            <\/figure>\n                        <\/div>\n                    \n                    <div class=\"meafe-member-body\">\n                        <h3 class=\"meafe-member-name\">Cemil K\u0131ymaz<\/h3>\n                                                    <div class=\"meafe-member-position\">Uzman Di\u015f Hekimi<\/div>\n                                                \n                        \n                                                    <ul class=\"meafe-team-member-social-profiles\">\n                                                                                                                                                                                        <li class=\"meafe-team-member-social-link\">\n                                                                                                                                                                                                        <i class=\"fab fa-facebook\"><\/i>\n                                                                                                                                                                                        <\/li>\n                                                                                                                                                                                                                            <li class=\"meafe-team-member-social-link\">\n                                                                                                                                                                                                        <i class=\"fab fa-twitter\"><\/i>\n                                                                                                                                                                                        <\/li>\n                                                                                                                                                                                                                            <li class=\"meafe-team-member-social-link\">\n                                                                                                                                                                                                        <i class=\"fab fa-instagram\"><\/i>\n                                                                                                                                                                                        <\/li>\n                                                                                                                                                                                                                            <li class=\"meafe-team-member-social-link\">\n                                                                                                                                                                                                        <i class=\"fab fa-linkedin\"><\/i>\n                                                                                                                                                                                        <\/li>\n                                                                                                <\/ul>\n                         \n\n                                               \n                    <\/div>\n\n                    \n                    \n                                    <\/div>\n            <\/div>\n        <\/div>\n        \t\t<\/div>\n\t\t\t\t<\/div>\n\t\t\t\t\t<\/div>\n\t\t<\/div>\n\t\t\t\t<div class=\"elementor-column elementor-col-25 elementor-inner-column elementor-element elementor-element-edb1d30\" data-id=\"edb1d30\" data-element_type=\"column\">\n\t\t\t<div class=\"elementor-widget-wrap elementor-element-populated\">\n\t\t\t\t\t\t\t\t<div class=\"elementor-element elementor-element-7028353 elementor-widget elementor-widget-meafe-team\" data-id=\"7028353\" data-element_type=\"widget\" data-widget_type=\"meafe-team.default\">\n\t\t\t\t<div class=\"elementor-widget-container\">\n\t\t\t        <div class=\"meafe-team-wrapper-main layout-2\">\n            <div class=\"meafe-team-inner-wrap\">\n                <div class=\"meafe-team-wrap\">\n\n                    \n                                            <div class=\"meafe-team-fig\">\n                            <figure class=\"meafe-member-figure\">\n                                <img decoding=\"async\" width=\"255\" height=\"270\" src=\"https:\/\/kiymazdent.com.tr\/wp-content\/uploads\/2021\/09\/team-1-1.png\" class=\"attachment-full size-full wp-image-203\" alt=\"\" \/>                            <\/figure>\n                        <\/div>\n                    \n                    <div class=\"meafe-member-body\">\n                        <h3 class=\"meafe-member-name\">Bahriye Haf\u0131zo\u011flu<\/h3>\n                                                    <div class=\"meafe-member-position\">Uzman Di\u015f Hekimi<\/div>\n                                                \n                        \n                                                    <ul class=\"meafe-team-member-social-profiles\">\n                                                                                                                                                                                        <li class=\"meafe-team-member-social-link\">\n                                                                                                                                                                                                        <i class=\"fab fa-facebook\"><\/i>\n                                                                                                                                                                                        <\/li>\n                                                                                                                                                                                                                            <li class=\"meafe-team-member-social-link\">\n                                                                                                                                                                                                        <i class=\"fab fa-twitter\"><\/i>\n                                                                                                                                                                                        <\/li>\n                                                                                                                                                                                                                            <li class=\"meafe-team-member-social-link\">\n                                                                                                                                                                                                        <i class=\"fab fa-instagram\"><\/i>\n                                                                                                                                                                                        <\/li>\n                                                                                                                                                                                                                            <li class=\"meafe-team-member-social-link\">\n                                                                                                                                                                                                        <i class=\"fab fa-linkedin\"><\/i>\n                                                                                                                                                                                        <\/li>\n                                                                                                <\/ul>\n                         \n\n                                               \n                    <\/div>\n\n                    \n                    \n                                    <\/div>\n            <\/div>\n        <\/div>\n        \t\t<\/div>\n\t\t\t\t<\/div>\n\t\t\t\t\t<\/div>\n\t\t<\/div>\n\t\t\t\t<div class=\"elementor-column elementor-col-25 elementor-inner-column elementor-element elementor-element-62867be\" data-id=\"62867be\" data-element_type=\"column\">\n\t\t\t<div class=\"elementor-widget-wrap\">\n\t\t\t\t\t\t\t\t\t<\/div>\n\t\t<\/div>\n\t\t\t\t\t\t\t<\/div>\n\t\t<\/section>\n\t\t\t\t<section class=\"elementor-section elementor-inner-section elementor-element elementor-element-3e27d13 elementor-section-boxed elementor-section-height-default elementor-section-height-default\" data-id=\"3e27d13\" data-element_type=\"section\">\n\t\t\t\t\t\t<div class=\"elementor-container elementor-column-gap-default\">\n\t\t\t\t\t<div class=\"elementor-column elementor-col-25 elementor-inner-column elementor-element elementor-element-259e585\" data-id=\"259e585\" data-element_type=\"column\">\n\t\t\t<div class=\"elementor-widget-wrap\">\n\t\t\t\t\t\t\t\t\t<\/div>\n\t\t<\/div>\n\t\t\t\t<div class=\"elementor-column elementor-col-25 elementor-inner-column elementor-element elementor-element-f86a760\" data-id=\"f86a760\" data-element_type=\"column\">\n\t\t\t<div class=\"elementor-widget-wrap\">\n\t\t\t\t\t\t\t\t\t<\/div>\n\t\t<\/div>\n\t\t\t\t<div class=\"elementor-column elementor-col-25 elementor-inner-column elementor-element elementor-element-e37f515\" data-id=\"e37f515\" data-element_type=\"column\">\n\t\t\t<div class=\"elementor-widget-wrap\">\n\t\t\t\t\t\t\t\t\t<\/div>\n\t\t<\/div>\n\t\t\t\t<div class=\"elementor-column elementor-col-25 elementor-inner-column elementor-element elementor-element-950f349\" data-id=\"950f349\" data-element_type=\"column\">\n\t\t\t<div class=\"elementor-widget-wrap\">\n\t\t\t\t\t\t\t\t\t<\/div>\n\t\t<\/div>\n\t\t\t\t\t\t\t<\/div>\n\t\t<\/section>\n\t\t\t\t\t<\/div>\n\t\t<\/div>\n\t\t\t\t\t\t\t<\/div>\n\t\t<\/section>\n\t\t\t\t<section class=\"elementor-section elementor-top-section elementor-element elementor-element-d0c5a92 elementor-section-full_width elementor-section-height-min-height elementor-section-height-default elementor-section-items-middle\" data-id=\"d0c5a92\" data-element_type=\"section\" data-settings=\"{&quot;background_background&quot;:&quot;classic&quot;}\">\n\t\t\t\t\t\t\t<div class=\"elementor-background-overlay\"><\/div>\n\t\t\t\t\t\t\t<div class=\"elementor-container elementor-column-gap-default\">\n\t\t\t\t\t<div class=\"elementor-column elementor-col-100 elementor-top-column elementor-element elementor-element-9481ad0\" data-id=\"9481ad0\" data-element_type=\"column\">\n\t\t\t<div class=\"elementor-widget-wrap elementor-element-populated\">\n\t\t\t\t\t\t\t\t<section class=\"elementor-section elementor-inner-section elementor-element elementor-element-0cae109 elementor-section-boxed elementor-section-height-default elementor-section-height-default\" data-id=\"0cae109\" data-element_type=\"section\">\n\t\t\t\t\t\t<div class=\"elementor-container elementor-column-gap-default\">\n\t\t\t\t\t<div class=\"elementor-column elementor-col-100 elementor-inner-column elementor-element elementor-element-b6b3ca5\" data-id=\"b6b3ca5\" data-element_type=\"column\">\n\t\t\t<div class=\"elementor-widget-wrap elementor-element-populated\">\n\t\t\t\t\t\t\t\t<div class=\"elementor-element elementor-element-ac02482 elementor-widget elementor-widget-heading\" data-id=\"ac02482\" data-element_type=\"widget\" data-widget_type=\"heading.default\">\n\t\t\t\t<div class=\"elementor-widget-container\">\n\t\t\t<h2 class=\"elementor-heading-title elementor-size-default\">Sizin i\u00e7in her zaman buraday\u0131z<\/h2>\t\t<\/div>\n\t\t\t\t<\/div>\n\t\t\t\t<div class=\"elementor-element elementor-element-4c62b2a elementor-widget elementor-widget-text-editor\" data-id=\"4c62b2a\" data-element_type=\"widget\" data-widget_type=\"text-editor.default\">\n\t\t\t\t<div class=\"elementor-widget-container\">\n\t\t\t\t\t\t\t<p>A\u011f\u0131z sa\u011fl\u0131\u011f\u0131n\u0131z\u0131 koruman\u0131za yard\u0131mc\u0131 olmaktan b\u00fcy\u00fck bir memnuniyet duyuyoruz ve bunu en g\u00fcncel\u00a0 teknolojileri kullanarak ger\u00e7ekle\u015ftiriyoruz.<\/p>\t\t\t\t\t\t<\/div>\n\t\t\t\t<\/div>\n\t\t\t\t\t<\/div>\n\t\t<\/div>\n\t\t\t\t\t\t\t<\/div>\n\t\t<\/section>\n\t\t\t\t<section class=\"elementor-section elementor-inner-section elementor-element elementor-element-f536c62 elementor-section-boxed elementor-section-height-default elementor-section-height-default\" data-id=\"f536c62\" data-element_type=\"section\">\n\t\t\t\t\t\t<div class=\"elementor-container elementor-column-gap-default\">\n\t\t\t\t\t<div class=\"elementor-column elementor-col-100 elementor-inner-column elementor-element elementor-element-4a3b05e\" data-id=\"4a3b05e\" data-element_type=\"column\">\n\t\t\t<div class=\"elementor-widget-wrap elementor-element-populated\">\n\t\t\t\t\t\t\t\t<div class=\"elementor-element elementor-element-744e4b9 elementor-align-center elementor-widget elementor-widget-button\" data-id=\"744e4b9\" data-element_type=\"widget\" data-widget_type=\"button.default\">\n\t\t\t\t<div class=\"elementor-widget-container\">\n\t\t\t\t\t<div class=\"elementor-button-wrapper\">\n\t\t\t<a class=\"elementor-button elementor-button-link elementor-size-sm\" href=\"https:\/\/kiymazdent.com.tr\/?page_id=645\">\n\t\t\t\t\t\t<span class=\"elementor-button-content-wrapper\">\n\t\t\t\t\t\t<span class=\"elementor-button-text\">Randevu olu\u015fturun<\/span>\n\t\t<\/span>\n\t\t\t\t\t<\/a>\n\t\t<\/div>\n\t\t\t\t<\/div>\n\t\t\t\t<\/div>\n\t\t\t\t\t<\/div>\n\t\t<\/div>\n\t\t\t\t\t\t\t<\/div>\n\t\t<\/section>\n\t\t\t\t\t<\/div>\n\t\t<\/div>\n\t\t\t\t\t\t\t<\/div>\n\t\t<\/section>\n\t\t\t\t\t\t\t<\/div>\n\t\t","protected":false},"excerpt":{"rendered":"<p>UZMAN EK\u0130B\u0130M\u0130Z Di\u015f hekimleri, a\u011f\u0131z sa\u011fl\u0131\u011f\u0131na uzmanla\u015fm\u0131\u015f doktorlard\u0131r. En profesyonel ve son derece yetenekli di\u015f hekimlerine sahibiz. Cemil K\u0131ymaz Uzman Di\u015f Hekimi Bahriye Haf\u0131zo\u011flu Uzman Di\u015f Hekimi Sizin i\u00e7in her [&hellip;]<\/p>\n","protected":false},"author":1,"featured_media":0,"parent":0,"menu_order":0,"comment_status":"closed","ping_status":"closed","template":"","meta":{"_regular_price":[],"currency_symbol":[],"footnotes":""},"class_list":["post-572","page","type-page","status-publish","hentry","rishi-post","no-post-thumbnail"],"rishi__cb_customizer_meta":"","post_slider_layout_featured_media_urls":{"thumbnail":"","post_slider_layout_landscape_large":"","post_slider_layout_portrait_large":"","post_slider_layout_square_large":"","post_slider_layout_landscape":"","post_slider_layout_portrait":"","post_slider_layout_square":"","full":""},"_links":{"self":[{"href":"https:\/\/kiymazdent.com.tr\/index.php?rest_route=\/wp\/v2\/pages\/572","targetHints":{"allow":["GET"]}}],"collection":[{"href":"https:\/\/kiymazdent.com.tr\/index.php?rest_route=\/wp\/v2\/pages"}],"about":[{"href":"https:\/\/kiymazdent.com.tr\/index.php?rest_route=\/wp\/v2\/types\/page"}],"author":[{"embeddable":true,"href":"https:\/\/kiymazdent.com.tr\/index.php?rest_route=\/wp\/v2\/users\/1"}],"replies":[{"embeddable":true,"href":"https:\/\/kiymazdent.com.tr\/index.php?rest_route=%2Fwp%2Fv2%2Fcomments&post=572"}],"version-history":[{"count":16,"href":"https:\/\/kiymazdent.com.tr\/index.php?rest_route=\/wp\/v2\/pages\/572\/revisions"}],"predecessor-version":[{"id":3734,"href":"https:\/\/kiymazdent.com.tr\/index.php?rest_route=\/wp\/v2\/pages\/572\/revisions\/3734"}],"wp:attachment":[{"href":"https:\/\/kiymazdent.com.tr\/index.php?rest_route=%2Fwp%2Fv2%2Fmedia&parent=572"}],"curies":[{"name":"wp","href":"https:\/\/api.w.org\/{rel}","templated":true}]}}